{"id":235,"date":"2021-10-17T22:08:14","date_gmt":"2021-10-17T20:08:14","guid":{"rendered":"https:\/\/europeanhandcourse.com\/?page_id=235"},"modified":"2021-11-06T16:20:59","modified_gmt":"2021-11-06T15:20:59","slug":"contact","status":"publish","type":"page","link":"https:\/\/europeanhandcourse.com\/index.php\/contact\/","title":{"rendered":"Contact"},"content":{"rendered":"<div class=\"wpforms-container wpforms-container-full wpforms-block\" id=\"wpforms-234\"><form id=\"wpforms-form-234\" class=\"wpforms-validate wpforms-form wpforms-ajax-form\" data-formid=\"234\" method=\"post\" enctype=\"multipart\/form-data\" action=\"\/index.php\/wp-json\/wp\/v2\/pages\/235\" data-token=\"9971fc8e8af9d1897c68a65944d65645\" data-token-time=\"1776954204\"><noscript class=\"wpforms-error-noscript\">Please enable JavaScript in your browser to complete this form.<\/noscript><div class=\"wpforms-field-container\"><div id=\"wpforms-234-field_0-container\" class=\"wpforms-field wpforms-field-name\" data-field-id=\"0\"><label class=\"wpforms-field-label\">Auteur <span class=\"wpforms-required-label\">*<\/span><\/label><div class=\"wpforms-field-row wpforms-field-medium\"><div class=\"wpforms-field-row-block wpforms-first wpforms-one-half\"><input type=\"text\" id=\"wpforms-234-field_0\" class=\"wpforms-field-name-first wpforms-field-required\" name=\"wpforms[fields][0][first]\" required><label for=\"wpforms-234-field_0\" class=\"wpforms-field-sublabel after\">First<\/label><\/div><div class=\"wpforms-field-row-block wpforms-one-half\"><input type=\"text\" id=\"wpforms-234-field_0-last\" class=\"wpforms-field-name-last wpforms-field-required\" name=\"wpforms[fields][0][last]\" required><label for=\"wpforms-234-field_0-last\" class=\"wpforms-field-sublabel after\">Last<\/label><\/div><\/div><\/div><div id=\"wpforms-234-field_1-container\" class=\"wpforms-field wpforms-field-email\" data-field-id=\"1\"><label class=\"wpforms-field-label\" for=\"wpforms-234-field_1\">Email <span class=\"wpforms-required-label\">*<\/span><\/label><input type=\"email\" id=\"wpforms-234-field_1\" class=\"wpforms-field-medium wpforms-field-required\" name=\"wpforms[fields][1]\" spellcheck=\"false\" required><\/div><div id=\"wpforms-234-field_2-container\" class=\"wpforms-field wpforms-field-textarea\" data-field-id=\"2\"><label class=\"wpforms-field-label\" for=\"wpforms-234-field_2\">Message <span class=\"wpforms-required-label\">*<\/span><\/label><textarea id=\"wpforms-234-field_2\" class=\"wpforms-field-medium wpforms-field-required\" name=\"wpforms[fields][2]\" required><\/textarea><\/div><div id=\"wpforms-234-field_3-container\" class=\"wpforms-field wpforms-field-gdpr-checkbox\" data-field-id=\"3\"><label class=\"wpforms-field-label\">Accord RGPD <span class=\"wpforms-required-label\">*<\/span><\/label><ul id=\"wpforms-234-field_3\" class=\"wpforms-field-required\"><li class=\"choice-1\"><input type=\"checkbox\" id=\"wpforms-234-field_3_1\" name=\"wpforms[fields][3][]\" value=\"Je consens \u00e0 ce que ce site stocke mes informations envoy\u00e9es afin qu\u2019ils puissent r\u00e9pondre \u00e0 ma requ\u00eate.\" required ><label class=\"wpforms-field-label-inline\" for=\"wpforms-234-field_3_1\">Je consens \u00e0 ce que ce site stocke mes informations envoy\u00e9es afin qu\u2019ils puissent r\u00e9pondre \u00e0 ma requ\u00eate.<\/label><\/li><\/ul><\/div><\/div><!-- .wpforms-field-container --><div class=\"wpforms-recaptcha-container wpforms-is-hcaptcha\" ><div class=\"h-captcha\" data-sitekey=\"58ba6069-a0a9-4ce5-9117-a15b16fe4e05\"><\/div><input type=\"text\" name=\"g-recaptcha-hidden\" class=\"wpforms-recaptcha-hidden\" style=\"position:absolute!important;clip:rect(0,0,0,0)!important;height:1px!important;width:1px!important;border:0!important;overflow:hidden!important;padding:0!important;margin:0!important;\" data-rule-hcaptcha=\"1\"><\/div><div class=\"wpforms-submit-container\" ><input type=\"hidden\" name=\"wpforms[id]\" value=\"234\"><input type=\"hidden\" name=\"page_title\" value=\"\"><input type=\"hidden\" name=\"page_url\" value=\"https:\/\/europeanhandcourse.com\/index.php\/wp-json\/wp\/v2\/pages\/235\"><input type=\"hidden\" name=\"url_referer\" value=\"\"><button type=\"submit\" name=\"wpforms[submit]\" id=\"wpforms-submit-234\" class=\"wpforms-submit\" data-alt-text=\"Envoi en cours...\" data-submit-text=\"Envoyer\" aria-live=\"assertive\" value=\"wpforms-submit\">Envoyer<\/button><img loading=\"lazy\" decoding=\"async\" src=\"https:\/\/europeanhandcourse.com\/wp-content\/plugins\/wpforms-lite\/assets\/images\/submit-spin.svg\" class=\"wpforms-submit-spinner\" style=\"display: none;\" width=\"26\" height=\"26\" alt=\"Loading\"><\/div><\/form><\/div>  <!-- .wpforms-container -->\n\n\n<div class=\"wp-block-cover alignfull has-neve-link-color-background-color has-background-dim\" style=\"min-height:423px;aspect-ratio:unset;\"><div class=\"wp-block-cover__inner-container is-layout-flow wp-block-cover-is-layout-flow\">\n<div class=\"wp-block-group\"><div class=\"wp-block-group__inner-container is-layout-flow wp-block-group-is-layout-flow\">\n<div class=\"wp-block-columns is-layout-flex wp-container-core-columns-is-layout-9d6595d7 wp-block-columns-is-layout-flex\">\n<div class=\"wp-block-column is-vertically-aligned-center is-layout-flow wp-block-column-is-layout-flow\" style=\"flex-basis:50%\">\n<p class=\"has-text-align-right has-medium-font-size\">Vous serez prochainement contact\u00e9 par notre secr\u00e9taire<\/p>\n<\/div>\n\n\n\n<div class=\"wp-block-column is-layout-flow wp-block-column-is-layout-flow\" style=\"flex-basis:50%\">\n<div class=\"wp-block-columns is-layout-flex wp-container-core-columns-is-layout-9d6595d7 wp-block-columns-is-layout-flex\">\n<div class=\"wp-block-column is-layout-flow wp-block-column-is-layout-flow\" style=\"flex-basis:100%\">\n<div class=\"wp-block-columns is-layout-flex wp-container-core-columns-is-layout-9d6595d7 wp-block-columns-is-layout-flex\">\n<div class=\"wp-block-column is-vertically-aligned-center is-layout-flow wp-block-column-is-layout-flow\" style=\"flex-basis:100%\">\n<div class=\"wp-block-image is-style-rounded\"><figure class=\"alignleft size-full is-resized\"><img loading=\"lazy\" decoding=\"async\" src=\"http:\/\/europeanhandcourse.com\/wp-content\/uploads\/2021\/10\/Photo_JChort.png\" alt=\"\" class=\"wp-image-133\" width=\"200\" height=\"200\"\/><figcaption>Mme Juliette CHORT<\/figcaption><\/figure><\/div>\n<\/div>\n<\/div>\n<\/div>\n<\/div>\n<\/div>\n<\/div>\n<\/div><\/div>\n<\/div><\/div>\n\n\n\n<div style=\"height:100px\" aria-hidden=\"true\" class=\"wp-block-spacer\"><\/div>\n\n\n<div class=\"is-default-size aligncenter wp-block-site-logo\"><a href=\"https:\/\/europeanhandcourse.com\/\" class=\"custom-logo-link\" rel=\"home\"><img loading=\"lazy\" decoding=\"async\" width=\"1024\" height=\"1024\" src=\"https:\/\/europeanhandcourse.com\/wp-content\/uploads\/2021\/09\/Logo-EHC.png\" class=\"custom-logo\" alt=\"European Hand Course\" srcset=\"https:\/\/europeanhandcourse.com\/wp-content\/uploads\/2021\/09\/Logo-EHC.png 1024w, https:\/\/europeanhandcourse.com\/wp-content\/uploads\/2021\/09\/Logo-EHC-300x300.png 300w, https:\/\/europeanhandcourse.com\/wp-content\/uploads\/2021\/09\/Logo-EHC-150x150.png 150w, https:\/\/europeanhandcourse.com\/wp-content\/uploads\/2021\/09\/Logo-EHC-768x768.png 768w\" sizes=\"auto, (max-width: 1024px) 100vw, 1024px\" \/><\/a><\/div>\n\n\n<div style=\"height:100px\" aria-hidden=\"true\" class=\"wp-block-spacer\"><\/div>\n","protected":false},"excerpt":{"rendered":"","protected":false},"author":1,"featured_media":0,"parent":0,"menu_order":0,"comment_status":"closed","ping_status":"closed","template":"","meta":{"neve_meta_sidebar":"","neve_meta_container":"","neve_meta_enable_content_width":"","neve_meta_content_width":0,"neve_meta_title_alignment":"","neve_meta_author_avatar":"","neve_post_elements_order":"","neve_meta_disable_header":"","neve_meta_disable_footer":"","neve_meta_disable_title":"","footnotes":""},"class_list":["post-235","page","type-page","status-publish","hentry"],"yoast_head":"<!-- This site is optimized with the Yoast SEO plugin v27.4 - https:\/\/yoast.com\/product\/yoast-seo-wordpress\/ -->\n<title>Contact - European Hand Course<\/title>\n<meta name=\"robots\" content=\"index, follow, max-snippet:-1, max-image-preview:large, max-video-preview:-1\" \/>\n<link rel=\"canonical\" href=\"https:\/\/europeanhandcourse.com\/index.php\/contact\/\" \/>\n<meta property=\"og:locale\" content=\"en_US\" \/>\n<meta property=\"og:type\" content=\"article\" \/>\n<meta property=\"og:title\" content=\"Contact - European Hand Course\" \/>\n<meta property=\"og:url\" content=\"https:\/\/europeanhandcourse.com\/index.php\/contact\/\" \/>\n<meta property=\"og:site_name\" content=\"European Hand Course\" \/>\n<meta property=\"article:modified_time\" content=\"2021-11-06T15:20:59+00:00\" \/>\n<meta property=\"og:image\" content=\"http:\/\/europeanhandcourse.com\/wp-content\/uploads\/2021\/10\/Photo_JChort.png\" \/>\n<meta name=\"twitter:card\" content=\"summary_large_image\" \/>\n<script type=\"application\/ld+json\" class=\"yoast-schema-graph\">{\"@context\":\"https:\\\/\\\/schema.org\",\"@graph\":[{\"@type\":\"WebPage\",\"@id\":\"https:\\\/\\\/europeanhandcourse.com\\\/index.php\\\/contact\\\/\",\"url\":\"https:\\\/\\\/europeanhandcourse.com\\\/index.php\\\/contact\\\/\",\"name\":\"Contact - European Hand Course\",\"isPartOf\":{\"@id\":\"https:\\\/\\\/europeanhandcourse.com\\\/#website\"},\"primaryImageOfPage\":{\"@id\":\"https:\\\/\\\/europeanhandcourse.com\\\/index.php\\\/contact\\\/#primaryimage\"},\"image\":{\"@id\":\"https:\\\/\\\/europeanhandcourse.com\\\/index.php\\\/contact\\\/#primaryimage\"},\"thumbnailUrl\":\"http:\\\/\\\/europeanhandcourse.com\\\/wp-content\\\/uploads\\\/2021\\\/10\\\/Photo_JChort.png\",\"datePublished\":\"2021-10-17T20:08:14+00:00\",\"dateModified\":\"2021-11-06T15:20:59+00:00\",\"breadcrumb\":{\"@id\":\"https:\\\/\\\/europeanhandcourse.com\\\/index.php\\\/contact\\\/#breadcrumb\"},\"inLanguage\":\"en-US\",\"potentialAction\":[{\"@type\":\"ReadAction\",\"target\":[\"https:\\\/\\\/europeanhandcourse.com\\\/index.php\\\/contact\\\/\"]}]},{\"@type\":\"ImageObject\",\"inLanguage\":\"en-US\",\"@id\":\"https:\\\/\\\/europeanhandcourse.com\\\/index.php\\\/contact\\\/#primaryimage\",\"url\":\"https:\\\/\\\/europeanhandcourse.com\\\/wp-content\\\/uploads\\\/2021\\\/10\\\/Photo_JChort.png\",\"contentUrl\":\"https:\\\/\\\/europeanhandcourse.com\\\/wp-content\\\/uploads\\\/2021\\\/10\\\/Photo_JChort.png\",\"width\":200,\"height\":200},{\"@type\":\"BreadcrumbList\",\"@id\":\"https:\\\/\\\/europeanhandcourse.com\\\/index.php\\\/contact\\\/#breadcrumb\",\"itemListElement\":[{\"@type\":\"ListItem\",\"position\":1,\"name\":\"Accueil\",\"item\":\"https:\\\/\\\/europeanhandcourse.com\\\/\"},{\"@type\":\"ListItem\",\"position\":2,\"name\":\"Contact\"}]},{\"@type\":\"WebSite\",\"@id\":\"https:\\\/\\\/europeanhandcourse.com\\\/#website\",\"url\":\"https:\\\/\\\/europeanhandcourse.com\\\/\",\"name\":\"European Hand Course\",\"description\":\"Cours pratique de chirurgie de la main du Luxembourg\",\"publisher\":{\"@id\":\"https:\\\/\\\/europeanhandcourse.com\\\/#organization\"},\"potentialAction\":[{\"@type\":\"SearchAction\",\"target\":{\"@type\":\"EntryPoint\",\"urlTemplate\":\"https:\\\/\\\/europeanhandcourse.com\\\/?s={search_term_string}\"},\"query-input\":{\"@type\":\"PropertyValueSpecification\",\"valueRequired\":true,\"valueName\":\"search_term_string\"}}],\"inLanguage\":\"en-US\"},{\"@type\":\"Organization\",\"@id\":\"https:\\\/\\\/europeanhandcourse.com\\\/#organization\",\"name\":\"European Hand Course\",\"url\":\"https:\\\/\\\/europeanhandcourse.com\\\/\",\"logo\":{\"@type\":\"ImageObject\",\"inLanguage\":\"en-US\",\"@id\":\"https:\\\/\\\/europeanhandcourse.com\\\/#\\\/schema\\\/logo\\\/image\\\/\",\"url\":\"https:\\\/\\\/europeanhandcourse.com\\\/wp-content\\\/uploads\\\/2021\\\/09\\\/Logo-EHC.png\",\"contentUrl\":\"https:\\\/\\\/europeanhandcourse.com\\\/wp-content\\\/uploads\\\/2021\\\/09\\\/Logo-EHC.png\",\"width\":1024,\"height\":1024,\"caption\":\"European Hand Course\"},\"image\":{\"@id\":\"https:\\\/\\\/europeanhandcourse.com\\\/#\\\/schema\\\/logo\\\/image\\\/\"}}]}<\/script>\n<!-- \/ Yoast SEO plugin. -->","yoast_head_json":{"title":"Contact - European Hand Course","robots":{"index":"index","follow":"follow","max-snippet":"max-snippet:-1","max-image-preview":"max-image-preview:large","max-video-preview":"max-video-preview:-1"},"canonical":"https:\/\/europeanhandcourse.com\/index.php\/contact\/","og_locale":"en_US","og_type":"article","og_title":"Contact - European Hand Course","og_url":"https:\/\/europeanhandcourse.com\/index.php\/contact\/","og_site_name":"European Hand Course","article_modified_time":"2021-11-06T15:20:59+00:00","og_image":[{"url":"http:\/\/europeanhandcourse.com\/wp-content\/uploads\/2021\/10\/Photo_JChort.png","type":"","width":"","height":""}],"twitter_card":"summary_large_image","schema":{"@context":"https:\/\/schema.org","@graph":[{"@type":"WebPage","@id":"https:\/\/europeanhandcourse.com\/index.php\/contact\/","url":"https:\/\/europeanhandcourse.com\/index.php\/contact\/","name":"Contact - European Hand Course","isPartOf":{"@id":"https:\/\/europeanhandcourse.com\/#website"},"primaryImageOfPage":{"@id":"https:\/\/europeanhandcourse.com\/index.php\/contact\/#primaryimage"},"image":{"@id":"https:\/\/europeanhandcourse.com\/index.php\/contact\/#primaryimage"},"thumbnailUrl":"http:\/\/europeanhandcourse.com\/wp-content\/uploads\/2021\/10\/Photo_JChort.png","datePublished":"2021-10-17T20:08:14+00:00","dateModified":"2021-11-06T15:20:59+00:00","breadcrumb":{"@id":"https:\/\/europeanhandcourse.com\/index.php\/contact\/#breadcrumb"},"inLanguage":"en-US","potentialAction":[{"@type":"ReadAction","target":["https:\/\/europeanhandcourse.com\/index.php\/contact\/"]}]},{"@type":"ImageObject","inLanguage":"en-US","@id":"https:\/\/europeanhandcourse.com\/index.php\/contact\/#primaryimage","url":"https:\/\/europeanhandcourse.com\/wp-content\/uploads\/2021\/10\/Photo_JChort.png","contentUrl":"https:\/\/europeanhandcourse.com\/wp-content\/uploads\/2021\/10\/Photo_JChort.png","width":200,"height":200},{"@type":"BreadcrumbList","@id":"https:\/\/europeanhandcourse.com\/index.php\/contact\/#breadcrumb","itemListElement":[{"@type":"ListItem","position":1,"name":"Accueil","item":"https:\/\/europeanhandcourse.com\/"},{"@type":"ListItem","position":2,"name":"Contact"}]},{"@type":"WebSite","@id":"https:\/\/europeanhandcourse.com\/#website","url":"https:\/\/europeanhandcourse.com\/","name":"European Hand Course","description":"Cours pratique de chirurgie de la main du Luxembourg","publisher":{"@id":"https:\/\/europeanhandcourse.com\/#organization"},"potentialAction":[{"@type":"SearchAction","target":{"@type":"EntryPoint","urlTemplate":"https:\/\/europeanhandcourse.com\/?s={search_term_string}"},"query-input":{"@type":"PropertyValueSpecification","valueRequired":true,"valueName":"search_term_string"}}],"inLanguage":"en-US"},{"@type":"Organization","@id":"https:\/\/europeanhandcourse.com\/#organization","name":"European Hand Course","url":"https:\/\/europeanhandcourse.com\/","logo":{"@type":"ImageObject","inLanguage":"en-US","@id":"https:\/\/europeanhandcourse.com\/#\/schema\/logo\/image\/","url":"https:\/\/europeanhandcourse.com\/wp-content\/uploads\/2021\/09\/Logo-EHC.png","contentUrl":"https:\/\/europeanhandcourse.com\/wp-content\/uploads\/2021\/09\/Logo-EHC.png","width":1024,"height":1024,"caption":"European Hand Course"},"image":{"@id":"https:\/\/europeanhandcourse.com\/#\/schema\/logo\/image\/"}}]}},"_links":{"self":[{"href":"https:\/\/europeanhandcourse.com\/index.php\/wp-json\/wp\/v2\/pages\/235","targetHints":{"allow":["GET"]}}],"collection":[{"href":"https:\/\/europeanhandcourse.com\/index.php\/wp-json\/wp\/v2\/pages"}],"about":[{"href":"https:\/\/europeanhandcourse.com\/index.php\/wp-json\/wp\/v2\/types\/page"}],"author":[{"embeddable":true,"href":"https:\/\/europeanhandcourse.com\/index.php\/wp-json\/wp\/v2\/users\/1"}],"replies":[{"embeddable":true,"href":"https:\/\/europeanhandcourse.com\/index.php\/wp-json\/wp\/v2\/comments?post=235"}],"version-history":[{"count":20,"href":"https:\/\/europeanhandcourse.com\/index.php\/wp-json\/wp\/v2\/pages\/235\/revisions"}],"predecessor-version":[{"id":372,"href":"https:\/\/europeanhandcourse.com\/index.php\/wp-json\/wp\/v2\/pages\/235\/revisions\/372"}],"wp:attachment":[{"href":"https:\/\/europeanhandcourse.com\/index.php\/wp-json\/wp\/v2\/media?parent=235"}],"curies":[{"name":"wp","href":"https:\/\/api.w.org\/{rel}","templated":true}]}}