{"id":18,"date":"2021-10-09T09:52:32","date_gmt":"2021-10-09T07:52:32","guid":{"rendered":"https:\/\/europeanhandcourse.com\/?page_id=18"},"modified":"2026-02-16T13:50:35","modified_gmt":"2026-02-16T12:50:35","slug":"programme","status":"publish","type":"page","link":"https:\/\/europeanhandcourse.com\/index.php\/programme\/","title":{"rendered":"Programme"},"content":{"rendered":"\n<div class=\"wp-block-cover\"><span aria-hidden=\"true\" class=\"wp-block-cover__background has-neve-link-color-background-color has-background-dim-100 has-background-dim\"><\/span><div class=\"wp-block-cover__inner-container is-layout-constrained wp-block-cover-is-layout-constrained\">\n<h2 class=\"wp-block-heading has-text-align-center\">Vendredi 27 mars 2026<\/h2>\n\n\n\n<h2 class=\"wp-block-heading has-medium-font-size\">Amphith\u00e9\u00e2tre (1er \u00e9tage)<\/h2>\n\n\n\n<figure class=\"wp-block-table is-style-regular\" style=\"font-size:20px\"><table class=\"has-neve-link-hover-color-color has-neve-link-color-background-color has-text-color has-background has-link-color\"><tbody><tr><td><strong>7:30<\/strong><\/td><td>Accueil des participants <\/td><td><\/td><td><\/td><\/tr><tr><td><strong>8:00<\/strong><\/td><td>Bienvenue par le Pr\u00e9sident du MTC<\/td><td>Dr Raymond LIES<\/td><td><\/td><\/tr><tr><td><strong>8:05<\/strong><\/td><td>Mot du Pr\u00e9sident de la SFCM<\/td><td>Pr Isabelle AUQUIT-AUCKBUR<\/td><td><\/td><\/tr><tr><td><strong>8:10<\/strong><\/td><td>Pr\u00e9sentation du Cours par le Coordonateur du cours<\/td><td>Dr Thomas JAGER<\/td><td><\/td><\/tr><tr><td><strong>8:15<\/strong><\/td><td>\u00ab Le cartilage costal \u00bb : quand, comment, pourquoi et pour quoi ?<\/td><td>Pr Laurent OBERT<\/td><td><\/td><\/tr><\/tbody><\/table><\/figure>\n\n\n\n<h2 class=\"wp-block-heading has-medium-font-size\">Session \u00ab Lambeaux \u00bb&nbsp;(Medical Training Center &#8211; niveau -2)<\/h2>\n\n\n\n<figure class=\"wp-block-table is-style-regular\" style=\"font-size:20px\"><table class=\"has-neve-link-hover-color-color has-neve-link-color-background-color has-text-color has-background has-link-color\"><tbody><tr><td><strong>8:45<\/strong><\/td><td>Lambeau p\u00e9dicul\u00e9 en \u00eelot ant\u00e9rograde<\/td><td>Pr Isabelle AUQUIT-AUCKBUR<\/td><td><\/td><\/tr><tr><td><strong>9:25<\/strong><\/td><td>Lambeau p\u00e9dicul\u00e9 en \u00eelot a contrario<\/td><td>Pr Isabelle AUQUIT-AUCKBUR<\/td><td><\/td><\/tr><tr><td><strong>10:05<\/strong><\/td><td>Lambeau cerf-volant de Foucher<\/td><td>Pr Franck FITOUSSI<\/td><td><\/td><\/tr><\/tbody><\/table><\/figure>\n\n\n\n<figure class=\"wp-block-table is-style-regular has-medium-font-size\"><table class=\"has-neve-link-color-color has-neve-link-hover-color-background-color has-text-color has-background has-link-color\"><tbody><tr><td><strong>10:45<\/strong><\/td><td><strong>Pause caf\u00e9 &amp; visite des stands<\/strong><\/td><td><\/td><\/tr><\/tbody><\/table><\/figure>\n\n\n\n<figure class=\"wp-block-table is-style-regular\" style=\"font-size:20px\"><table class=\"has-neve-link-hover-color-color has-neve-link-color-background-color has-text-color has-background has-link-color\"><tbody><tr><td><strong>11:15<\/strong><\/td><td>Entorse LLI MP du pouce : r\u00e9insertion et ligamentoplastie<\/td><td>Dr Pascal JEHANNO<\/td><td><\/td><\/tr><tr><td><strong>9:25<\/strong><\/td><td>Lambeau p\u00e9dicul\u00e9 en \u00eelot a contrario<\/td><td>Pr Isabelle AUQUIT-AUCKBUR<\/td><td><\/td><\/tr><tr><td><strong>10:05<\/strong><\/td><td>Lambeau cerf-volant de Foucher<\/td><td>Pr Franck FITOUSSI<\/td><td><\/td><\/tr><\/tbody><\/table><\/figure>\n\n\n\n<figure class=\"wp-block-table is-style-regular has-medium-font-size\"><table class=\"has-neve-link-color-color has-neve-link-hover-color-background-color has-text-color has-background has-link-color\"><tbody><tr><td><strong>13:15<\/strong><\/td><td><strong>Pause d\u00e9jeuner<\/strong><\/td><td><\/td><\/tr><\/tbody><\/table><\/figure>\n\n\n\n<h2 class=\"wp-block-heading has-medium-font-size\">Session \u00ab articulations interphalangiennes \u00bb&nbsp;(Medical Training Center &#8211; niveau -2)<\/h2>\n\n\n\n<figure class=\"wp-block-table is-style-regular\" style=\"font-size:20px\"><table class=\"has-neve-link-hover-color-color has-neve-link-color-background-color has-text-color has-background has-link-color\"><tbody><tr><td><strong>14:15<\/strong><\/td><td>Fracture IPP \/ Greffe H\u00e9mi-hamatum par voie palmaire<\/td><td>Dr Thomas JAGER<\/td><td><\/td><\/tr><tr><td><strong>14:55<\/strong><\/td><td>Proth\u00e8se IPP silicone voie palmaire \u2013 proth\u00e8se IPD<\/td><td>Dr Daniel HERREN<\/td><td><\/td><\/tr><\/tbody><\/table><\/figure>\n\n\n\n<figure class=\"wp-block-table is-style-regular has-medium-font-size\"><table class=\"has-neve-link-color-color has-neve-link-hover-color-background-color has-text-color has-background has-link-color\"><tbody><tr><td><strong>15:35<\/strong><\/td><td><strong>Pause caf\u00e9 &amp; visite des stands<\/strong><\/td><td><\/td><\/tr><\/tbody><\/table><\/figure>\n\n\n\n<h2 class=\"wp-block-heading has-medium-font-size\">Session \u00ab Poignet d\u00e9g\u00e9n\u00e9ratif \u00bb (Medical Training Center &#8211; niveau -2)<\/h2>\n\n\n\n<figure class=\"wp-block-table is-style-regular\" style=\"font-size:20px\"><table class=\"has-neve-link-hover-color-color has-neve-link-color-background-color has-text-color has-background has-link-color\"><tbody><tr><td><strong>16:05<\/strong><\/td><td>R\u00e9section de la t\u00eate ulnaire (Darrach ou Bowers)<\/td><td>Pr Guillaume HERZBERG<\/td><td><\/td><\/tr><tr><td><strong>16:45<\/strong><\/td><td>Proth\u00e8se APSI Scapho\u00efde proximal<\/td><td>Dr Christophe CAMPS<\/td><td><\/td><\/tr><tr><td><strong>17:25<\/strong><\/td><td>Pyrocardan en piso-triqu\u00e9tral<\/td><td>Pr Philippe BELLEMERE<\/td><td><\/td><\/tr><\/tbody><\/table><\/figure>\n\n\n\n<h2 class=\"wp-block-heading has-medium-font-size\">Amphith\u00e9\u00e2tre (1er \u00e9tage)<\/h2>\n\n\n\n<figure class=\"wp-block-table is-style-regular\" style=\"font-size:20px\"><table class=\"has-neve-link-hover-color-color has-neve-link-color-background-color has-text-color has-background has-link-color\"><tbody><tr><td><strong>18:00<\/strong><\/td><td>Conf\u00e9rence : \u00ab La Membrane induite \u00bb<\/td><td>Pr Alain-Charles MASQUELET<\/td><td><\/td><\/tr><\/tbody><\/table><\/figure>\n<\/div><\/div>\n\n\n\n<div class=\"wp-block-cover\"><span aria-hidden=\"true\" class=\"wp-block-cover__background has-neve-link-color-background-color has-background-dim-100 has-background-dim\"><\/span><div class=\"wp-block-cover__inner-container is-layout-constrained wp-block-cover-is-layout-constrained\">\n<h2 class=\"wp-block-heading has-text-align-center\">Samedi 28 mars 2026<\/h2>\n\n\n\n<h2 class=\"wp-block-heading has-medium-font-size\">Medical Training Center &#8211; niveau -2<\/h2>\n\n\n\n<figure class=\"wp-block-table is-style-regular\" style=\"font-size:20px\"><table class=\"has-neve-link-hover-color-color has-neve-link-color-background-color has-text-color has-background has-link-color\"><tbody><tr><td><strong>8:30<\/strong><\/td><td><br>Ligamentotaxie : FingerFix Smart<\/td><td>Dr Ahmed ZEMIRLINE<\/td><td><\/td><\/tr><tr><td><strong>9:00<\/strong><\/td><td>Fisk pour pseudarthrose de scapho\u00efde<\/td><td>Dr Alexandre DURAND<\/td><td><\/td><\/tr><tr><td><strong>9:45<\/strong><\/td><td><br>Arthrod\u00e8se m\u00e9dio carpienne 3os ou 4os<\/td><td>Dr Jean-Michel COGNET<br>Pr Fran\u00e7ois SCHERNBERG<\/td><td><\/td><\/tr><\/tbody><\/table><\/figure>\n\n\n\n<figure class=\"wp-block-table is-style-regular has-medium-font-size\"><table class=\"has-neve-link-color-color has-neve-link-hover-color-background-color has-text-color has-background has-link-color\"><tbody><tr><td><strong>10:30<\/strong><\/td><td><strong>Pause caf\u00e9 &amp; visite des stands<\/strong><\/td><td><\/td><\/tr><\/tbody><\/table><\/figure>\n\n\n\n<figure class=\"wp-block-table is-style-regular\" style=\"font-size:20px\"><table class=\"has-neve-link-hover-color-color has-neve-link-color-background-color has-text-color has-background has-link-color\"><tbody><tr><td><strong>11:00<\/strong><\/td><td>Proth\u00e8se trap\u00e9zom\u00e9tacarpienne<\/td><td>Dr Thomas JAGER<\/td><td><\/td><\/tr><tr><td><strong>11:40<\/strong><\/td><td>SORL correction du col de cygne<\/td><td>Dr Germain POMARES<br>Pr Michel MERLE<\/td><td><\/td><\/tr><tr><td><strong>12:20<\/strong><\/td><td>Transferts tendineux pour paralysie radiale<\/td><td>Pr Alain GILBERT<\/td><td><\/td><\/tr><\/tbody><\/table><\/figure>\n\n\n\n<figure class=\"wp-block-table is-style-regular has-medium-font-size\"><table class=\"has-neve-link-color-color has-neve-link-hover-color-background-color has-text-color has-background has-link-color\"><tbody><tr><td><strong>13:00<\/strong><\/td><td><strong>Fin du cours<\/strong><br><strong>Remise des dpl\u00f4mes<\/strong><br><strong>Lunch convivial de fin de cours<br>Restaurant de l\u2019H\u00f4pital Kirchberg<\/strong><\/td><td><\/td><\/tr><\/tbody><\/table><\/figure>\n<\/div><\/div>\n\n\n\n<div style=\"height:100px\" aria-hidden=\"true\" class=\"wp-block-spacer\"><\/div>\n\n\n\n<div class=\"wp-block-buttons is-content-justification-center is-layout-flex wp-container-core-buttons-is-layout-16018d1d wp-block-buttons-is-layout-flex\">\n<div class=\"wp-block-button is-style-primary\"><a class=\"wp-block-button__link wp-element-button\" href=\"http:\/\/europeanhandcourse.com\/wp-content\/uploads\/2026\/02\/Programme-Cours-Luxembourg-2026.pdf\" target=\"_blank\" rel=\"noreferrer noopener\">T\u00e9l\u00e9chargez le programme<\/a><\/div>\n<\/div>\n\n\n\n<div style=\"height:100px\" aria-hidden=\"true\" class=\"wp-block-spacer\"><\/div>\n\n\n<div class=\"wp-block-image\">\n<figure class=\"aligncenter size-large\"><img loading=\"lazy\" decoding=\"async\" width=\"771\" height=\"1024\" src=\"https:\/\/europeanhandcourse.com\/wp-content\/uploads\/2025\/06\/Affiche-cours-pratique-Luxembourg-2026-771x1024.png\" alt=\"\" class=\"wp-image-853\" srcset=\"https:\/\/europeanhandcourse.com\/wp-content\/uploads\/2025\/06\/Affiche-cours-pratique-Luxembourg-2026-771x1024.png 771w, https:\/\/europeanhandcourse.com\/wp-content\/uploads\/2025\/06\/Affiche-cours-pratique-Luxembourg-2026-226x300.png 226w, https:\/\/europeanhandcourse.com\/wp-content\/uploads\/2025\/06\/Affiche-cours-pratique-Luxembourg-2026-768x1020.png 768w, https:\/\/europeanhandcourse.com\/wp-content\/uploads\/2025\/06\/Affiche-cours-pratique-Luxembourg-2026-1157x1536.png 1157w, https:\/\/europeanhandcourse.com\/wp-content\/uploads\/2025\/06\/Affiche-cours-pratique-Luxembourg-2026.png 1200w\" sizes=\"auto, (max-width: 771px) 100vw, 771px\" \/><\/figure>\n<\/div>","protected":false},"excerpt":{"rendered":"","protected":false},"author":1,"featured_media":0,"parent":0,"menu_order":0,"comment_status":"closed","ping_status":"closed","template":"","meta":{"neve_meta_sidebar":"","neve_meta_container":"default","neve_meta_enable_content_width":"on","neve_meta_content_width":100,"neve_meta_title_alignment":"","neve_meta_author_avatar":"","neve_post_elements_order":"","neve_meta_disable_header":"","neve_meta_disable_footer":"","neve_meta_disable_title":"on","footnotes":""},"class_list":["post-18","page","type-page","status-publish","hentry"],"yoast_head":"<!-- This site is optimized with the Yoast SEO plugin v27.4 - https:\/\/yoast.com\/product\/yoast-seo-wordpress\/ -->\n<title>Programme - European Hand Course<\/title>\n<meta name=\"robots\" content=\"index, follow, max-snippet:-1, max-image-preview:large, max-video-preview:-1\" \/>\n<link rel=\"canonical\" href=\"https:\/\/europeanhandcourse.com\/index.php\/programme\/\" \/>\n<meta property=\"og:locale\" content=\"en_US\" \/>\n<meta property=\"og:type\" content=\"article\" \/>\n<meta property=\"og:title\" content=\"Programme - European Hand Course\" \/>\n<meta property=\"og:url\" content=\"https:\/\/europeanhandcourse.com\/index.php\/programme\/\" \/>\n<meta property=\"og:site_name\" content=\"European Hand Course\" \/>\n<meta property=\"article:modified_time\" content=\"2026-02-16T12:50:35+00:00\" \/>\n<meta property=\"og:image\" content=\"https:\/\/europeanhandcourse.com\/wp-content\/uploads\/2025\/06\/Affiche-cours-pratique-Luxembourg-2026.png\" \/>\n\t<meta property=\"og:image:width\" content=\"1200\" \/>\n\t<meta property=\"og:image:height\" content=\"1593\" \/>\n\t<meta property=\"og:image:type\" content=\"image\/png\" \/>\n<meta name=\"twitter:card\" content=\"summary_large_image\" \/>\n<meta name=\"twitter:label1\" content=\"Est. reading time\" \/>\n\t<meta name=\"twitter:data1\" content=\"1 minute\" \/>\n<script type=\"application\/ld+json\" class=\"yoast-schema-graph\">{\"@context\":\"https:\\\/\\\/schema.org\",\"@graph\":[{\"@type\":\"WebPage\",\"@id\":\"https:\\\/\\\/europeanhandcourse.com\\\/index.php\\\/programme\\\/\",\"url\":\"https:\\\/\\\/europeanhandcourse.com\\\/index.php\\\/programme\\\/\",\"name\":\"Programme - European Hand Course\",\"isPartOf\":{\"@id\":\"https:\\\/\\\/europeanhandcourse.com\\\/#website\"},\"primaryImageOfPage\":{\"@id\":\"https:\\\/\\\/europeanhandcourse.com\\\/index.php\\\/programme\\\/#primaryimage\"},\"image\":{\"@id\":\"https:\\\/\\\/europeanhandcourse.com\\\/index.php\\\/programme\\\/#primaryimage\"},\"thumbnailUrl\":\"https:\\\/\\\/europeanhandcourse.com\\\/wp-content\\\/uploads\\\/2025\\\/06\\\/Affiche-cours-pratique-Luxembourg-2026-771x1024.png\",\"datePublished\":\"2021-10-09T07:52:32+00:00\",\"dateModified\":\"2026-02-16T12:50:35+00:00\",\"breadcrumb\":{\"@id\":\"https:\\\/\\\/europeanhandcourse.com\\\/index.php\\\/programme\\\/#breadcrumb\"},\"inLanguage\":\"en-US\",\"potentialAction\":[{\"@type\":\"ReadAction\",\"target\":[\"https:\\\/\\\/europeanhandcourse.com\\\/index.php\\\/programme\\\/\"]}]},{\"@type\":\"ImageObject\",\"inLanguage\":\"en-US\",\"@id\":\"https:\\\/\\\/europeanhandcourse.com\\\/index.php\\\/programme\\\/#primaryimage\",\"url\":\"https:\\\/\\\/europeanhandcourse.com\\\/wp-content\\\/uploads\\\/2025\\\/06\\\/Affiche-cours-pratique-Luxembourg-2026-771x1024.png\",\"contentUrl\":\"https:\\\/\\\/europeanhandcourse.com\\\/wp-content\\\/uploads\\\/2025\\\/06\\\/Affiche-cours-pratique-Luxembourg-2026-771x1024.png\"},{\"@type\":\"BreadcrumbList\",\"@id\":\"https:\\\/\\\/europeanhandcourse.com\\\/index.php\\\/programme\\\/#breadcrumb\",\"itemListElement\":[{\"@type\":\"ListItem\",\"position\":1,\"name\":\"Accueil\",\"item\":\"https:\\\/\\\/europeanhandcourse.com\\\/\"},{\"@type\":\"ListItem\",\"position\":2,\"name\":\"Programme\"}]},{\"@type\":\"WebSite\",\"@id\":\"https:\\\/\\\/europeanhandcourse.com\\\/#website\",\"url\":\"https:\\\/\\\/europeanhandcourse.com\\\/\",\"name\":\"European Hand Course\",\"description\":\"Cours pratique de chirurgie de la main du Luxembourg\",\"publisher\":{\"@id\":\"https:\\\/\\\/europeanhandcourse.com\\\/#organization\"},\"potentialAction\":[{\"@type\":\"SearchAction\",\"target\":{\"@type\":\"EntryPoint\",\"urlTemplate\":\"https:\\\/\\\/europeanhandcourse.com\\\/?s={search_term_string}\"},\"query-input\":{\"@type\":\"PropertyValueSpecification\",\"valueRequired\":true,\"valueName\":\"search_term_string\"}}],\"inLanguage\":\"en-US\"},{\"@type\":\"Organization\",\"@id\":\"https:\\\/\\\/europeanhandcourse.com\\\/#organization\",\"name\":\"European Hand Course\",\"url\":\"https:\\\/\\\/europeanhandcourse.com\\\/\",\"logo\":{\"@type\":\"ImageObject\",\"inLanguage\":\"en-US\",\"@id\":\"https:\\\/\\\/europeanhandcourse.com\\\/#\\\/schema\\\/logo\\\/image\\\/\",\"url\":\"https:\\\/\\\/europeanhandcourse.com\\\/wp-content\\\/uploads\\\/2021\\\/09\\\/Logo-EHC.png\",\"contentUrl\":\"https:\\\/\\\/europeanhandcourse.com\\\/wp-content\\\/uploads\\\/2021\\\/09\\\/Logo-EHC.png\",\"width\":1024,\"height\":1024,\"caption\":\"European Hand Course\"},\"image\":{\"@id\":\"https:\\\/\\\/europeanhandcourse.com\\\/#\\\/schema\\\/logo\\\/image\\\/\"}}]}<\/script>\n<!-- \/ Yoast SEO plugin. -->","yoast_head_json":{"title":"Programme - European Hand Course","robots":{"index":"index","follow":"follow","max-snippet":"max-snippet:-1","max-image-preview":"max-image-preview:large","max-video-preview":"max-video-preview:-1"},"canonical":"https:\/\/europeanhandcourse.com\/index.php\/programme\/","og_locale":"en_US","og_type":"article","og_title":"Programme - European Hand Course","og_url":"https:\/\/europeanhandcourse.com\/index.php\/programme\/","og_site_name":"European Hand Course","article_modified_time":"2026-02-16T12:50:35+00:00","og_image":[{"width":1200,"height":1593,"url":"https:\/\/europeanhandcourse.com\/wp-content\/uploads\/2025\/06\/Affiche-cours-pratique-Luxembourg-2026.png","type":"image\/png"}],"twitter_card":"summary_large_image","twitter_misc":{"Est. reading time":"1 minute"},"schema":{"@context":"https:\/\/schema.org","@graph":[{"@type":"WebPage","@id":"https:\/\/europeanhandcourse.com\/index.php\/programme\/","url":"https:\/\/europeanhandcourse.com\/index.php\/programme\/","name":"Programme - European Hand Course","isPartOf":{"@id":"https:\/\/europeanhandcourse.com\/#website"},"primaryImageOfPage":{"@id":"https:\/\/europeanhandcourse.com\/index.php\/programme\/#primaryimage"},"image":{"@id":"https:\/\/europeanhandcourse.com\/index.php\/programme\/#primaryimage"},"thumbnailUrl":"https:\/\/europeanhandcourse.com\/wp-content\/uploads\/2025\/06\/Affiche-cours-pratique-Luxembourg-2026-771x1024.png","datePublished":"2021-10-09T07:52:32+00:00","dateModified":"2026-02-16T12:50:35+00:00","breadcrumb":{"@id":"https:\/\/europeanhandcourse.com\/index.php\/programme\/#breadcrumb"},"inLanguage":"en-US","potentialAction":[{"@type":"ReadAction","target":["https:\/\/europeanhandcourse.com\/index.php\/programme\/"]}]},{"@type":"ImageObject","inLanguage":"en-US","@id":"https:\/\/europeanhandcourse.com\/index.php\/programme\/#primaryimage","url":"https:\/\/europeanhandcourse.com\/wp-content\/uploads\/2025\/06\/Affiche-cours-pratique-Luxembourg-2026-771x1024.png","contentUrl":"https:\/\/europeanhandcourse.com\/wp-content\/uploads\/2025\/06\/Affiche-cours-pratique-Luxembourg-2026-771x1024.png"},{"@type":"BreadcrumbList","@id":"https:\/\/europeanhandcourse.com\/index.php\/programme\/#breadcrumb","itemListElement":[{"@type":"ListItem","position":1,"name":"Accueil","item":"https:\/\/europeanhandcourse.com\/"},{"@type":"ListItem","position":2,"name":"Programme"}]},{"@type":"WebSite","@id":"https:\/\/europeanhandcourse.com\/#website","url":"https:\/\/europeanhandcourse.com\/","name":"European Hand Course","description":"Cours pratique de chirurgie de la main du Luxembourg","publisher":{"@id":"https:\/\/europeanhandcourse.com\/#organization"},"potentialAction":[{"@type":"SearchAction","target":{"@type":"EntryPoint","urlTemplate":"https:\/\/europeanhandcourse.com\/?s={search_term_string}"},"query-input":{"@type":"PropertyValueSpecification","valueRequired":true,"valueName":"search_term_string"}}],"inLanguage":"en-US"},{"@type":"Organization","@id":"https:\/\/europeanhandcourse.com\/#organization","name":"European Hand Course","url":"https:\/\/europeanhandcourse.com\/","logo":{"@type":"ImageObject","inLanguage":"en-US","@id":"https:\/\/europeanhandcourse.com\/#\/schema\/logo\/image\/","url":"https:\/\/europeanhandcourse.com\/wp-content\/uploads\/2021\/09\/Logo-EHC.png","contentUrl":"https:\/\/europeanhandcourse.com\/wp-content\/uploads\/2021\/09\/Logo-EHC.png","width":1024,"height":1024,"caption":"European Hand Course"},"image":{"@id":"https:\/\/europeanhandcourse.com\/#\/schema\/logo\/image\/"}}]}},"_links":{"self":[{"href":"https:\/\/europeanhandcourse.com\/index.php\/wp-json\/wp\/v2\/pages\/18","targetHints":{"allow":["GET"]}}],"collection":[{"href":"https:\/\/europeanhandcourse.com\/index.php\/wp-json\/wp\/v2\/pages"}],"about":[{"href":"https:\/\/europeanhandcourse.com\/index.php\/wp-json\/wp\/v2\/types\/page"}],"author":[{"embeddable":true,"href":"https:\/\/europeanhandcourse.com\/index.php\/wp-json\/wp\/v2\/users\/1"}],"replies":[{"embeddable":true,"href":"https:\/\/europeanhandcourse.com\/index.php\/wp-json\/wp\/v2\/comments?post=18"}],"version-history":[{"count":58,"href":"https:\/\/europeanhandcourse.com\/index.php\/wp-json\/wp\/v2\/pages\/18\/revisions"}],"predecessor-version":[{"id":946,"href":"https:\/\/europeanhandcourse.com\/index.php\/wp-json\/wp\/v2\/pages\/18\/revisions\/946"}],"wp:attachment":[{"href":"https:\/\/europeanhandcourse.com\/index.php\/wp-json\/wp\/v2\/media?parent=18"}],"curies":[{"name":"wp","href":"https:\/\/api.w.org\/{rel}","templated":true}]}}