{"id":104,"date":"2021-10-10T21:56:29","date_gmt":"2021-10-10T19:56:29","guid":{"rendered":"https:\/\/europeanhandcourse.com\/?page_id=104"},"modified":"2025-06-22T16:13:41","modified_gmt":"2025-06-22T14:13:41","slug":"inscription","status":"publish","type":"page","link":"https:\/\/europeanhandcourse.com\/index.php\/inscription\/","title":{"rendered":"Inscription"},"content":{"rendered":"\n<h2 class=\"wp-block-heading\">Demande d&#8217;inscription en ligne<\/h2>\n\n\n\n<p>L&#8217;inscription au prochain cours pratique de chirurgie de la main du Luxembourg est ouverte \u00e0 l&#8217;ensemble des internes, assistants, chefs de clinique et praticiens en chirurgie orthop\u00e9dique ou plastique.<\/p>\n\n\n\n<p>Si vous souhaitez participer, veuillez compl\u00e9ter le formulaire ci-dessous.<\/p>\n\n\n\n<p class=\"has-text-color\" style=\"color:#ff0004\"><strong>Le nombre de places \u00e9tant limit\u00e9, les inscriptions sont prises en compte dans l&#8217;ordre d&#8217;arriv\u00e9e<\/strong>.<\/p>\n\n\n\n<p class=\"has-text-color\" style=\"color:#ff0000\"><strong>Attention : Aucune inscription ne sera enregistr\u00e9e sur place<\/strong><\/p>\n\n\n\n<div class=\"wp-block-columns is-layout-flex wp-container-core-columns-is-layout-9d6595d7 wp-block-columns-is-layout-flex\">\n<div class=\"wp-block-column is-layout-flow wp-block-column-is-layout-flow\" style=\"flex-basis:25%\"><\/div>\n\n\n\n<div class=\"wp-block-column is-layout-flow wp-block-column-is-layout-flow\" style=\"flex-basis:50%\">\n<figure class=\"wp-block-table is-style-regular\"><table class=\"has-fixed-layout\"><thead><tr><th><\/th><th>Tarif<\/th><\/tr><\/thead><tbody><tr><td><strong>Interne<\/strong><\/td><td>375\u20ac<\/td><\/tr><tr><td><strong>Assistant<\/strong><\/td><td>450\u20ac<\/td><\/tr><tr><td><strong>Chirurgien<\/strong><\/td><td>550\u20ac<\/td><\/tr><\/tbody><\/table><\/figure>\n<\/div>\n\n\n\n<div class=\"wp-block-column is-layout-flow wp-block-column-is-layout-flow\" style=\"flex-basis:25%\"><\/div>\n<\/div>\n\n\n\n<p>Au-del\u00e0 des 64 participants\u00a0: 12 places d\u2019observateurs au tarif 250 euros pour les deux jours sont propos\u00e9es (Les Badges seront diff\u00e9rents des inscrits sur table de travail).<\/p>\n\n\n\n<p>Le r\u00e8glement pour \u00eatre effectu\u00e9 exclusivement par <em><strong>virement<\/strong><\/em> (<a href=\"http:\/\/europeanhandcourse.com\/wp-content\/uploads\/2022\/01\/RIB-Banque-Internationale-BIL-Luxembourg.pdf\" target=\"_blank\" rel=\"noreferrer noopener\">rib<\/a>). Des instructions vous seront communiqu\u00e9es d\u00e8s validation de votre inscription.<\/p>\n\n\n\n<p>Toute modification ou annulation doit \u00eatre adress\u00e9es au secr\u00e9tariat par courrier \u00e9lectronique (<a href=\"mailto:contact@europeanhandcourse.com\">contact@europeanhandcourse.com<\/a>).<\/p>\n\n\n\n<p>Jusqu&#8217;au 15 f\u00e9vrier 2026, une annulation donne droit \u00e0 un remboursement de 50% du prix de l&#8217;inscription.<\/p>\n\n\n\n<p>Apr\u00e8s cette date, aucun remboursement ne sera accord\u00e9.<\/p>\n\n\n<div class=\"wpforms-container wpforms-container-full wpforms-block wpforms-block-deb9c12f-dd97-4a6a-8896-3542aa61d93c\" id=\"wpforms-245\"><form id=\"wpforms-form-245\" class=\"wpforms-validate wpforms-form wpforms-ajax-form\" data-formid=\"245\" method=\"post\" enctype=\"multipart\/form-data\" action=\"\/index.php\/wp-json\/wp\/v2\/pages\/104\" data-token=\"9920ce9a32ef8f9212451f4e1586557a\" data-token-time=\"1776281087\"><noscript class=\"wpforms-error-noscript\">Please enable JavaScript in your browser to complete this form.<\/noscript><div class=\"wpforms-field-container\"><div id=\"wpforms-245-field_0-container\" class=\"wpforms-field wpforms-field-name\" data-field-id=\"0\"><label class=\"wpforms-field-label\">Indentit\u00e9 <span class=\"wpforms-required-label\">*<\/span><\/label><div class=\"wpforms-field-row wpforms-field-medium\"><div class=\"wpforms-field-row-block wpforms-first wpforms-one-half\"><input type=\"text\" id=\"wpforms-245-field_0\" class=\"wpforms-field-name-first wpforms-field-required\" name=\"wpforms[fields][0][first]\" required><label for=\"wpforms-245-field_0\" class=\"wpforms-field-sublabel after\">First<\/label><\/div><div class=\"wpforms-field-row-block wpforms-one-half\"><input type=\"text\" id=\"wpforms-245-field_0-last\" class=\"wpforms-field-name-last wpforms-field-required\" name=\"wpforms[fields][0][last]\" required><label for=\"wpforms-245-field_0-last\" class=\"wpforms-field-sublabel after\">Last<\/label><\/div><\/div><\/div><div id=\"wpforms-245-field_1-container\" class=\"wpforms-field wpforms-field-email\" data-field-id=\"1\"><label class=\"wpforms-field-label\" for=\"wpforms-245-field_1\">Email <span class=\"wpforms-required-label\">*<\/span><\/label><input type=\"email\" id=\"wpforms-245-field_1\" class=\"wpforms-field-medium wpforms-field-required\" name=\"wpforms[fields][1]\" spellcheck=\"false\" required><\/div><div id=\"wpforms-245-field_3-container\" class=\"wpforms-field wpforms-field-radio\" data-field-id=\"3\"><label class=\"wpforms-field-label\">Fonction <span class=\"wpforms-required-label\">*<\/span><\/label><ul id=\"wpforms-245-field_3\" class=\"wpforms-field-required\"><li class=\"choice-1 depth-1\"><input type=\"radio\" id=\"wpforms-245-field_3_1\" name=\"wpforms[fields][3]\" value=\"Interne\" required ><label class=\"wpforms-field-label-inline\" for=\"wpforms-245-field_3_1\">Interne<\/label><\/li><li class=\"choice-2 depth-1\"><input type=\"radio\" id=\"wpforms-245-field_3_2\" name=\"wpforms[fields][3]\" value=\"Assistant \/ Chef de clinique\" required ><label class=\"wpforms-field-label-inline\" for=\"wpforms-245-field_3_2\">Assistant \/ Chef de clinique<\/label><\/li><li class=\"choice-3 depth-1\"><input type=\"radio\" id=\"wpforms-245-field_3_3\" name=\"wpforms[fields][3]\" value=\"Chirurgien\" required ><label class=\"wpforms-field-label-inline\" for=\"wpforms-245-field_3_3\">Chirurgien<\/label><\/li><\/ul><\/div><div id=\"wpforms-245-field_4-container\" class=\"wpforms-field wpforms-field-text\" data-field-id=\"4\"><label class=\"wpforms-field-label\" for=\"wpforms-245-field_4\">Centre hospitalier <span class=\"wpforms-required-label\">*<\/span><\/label><input type=\"text\" id=\"wpforms-245-field_4\" class=\"wpforms-field-medium wpforms-field-required\" name=\"wpforms[fields][4]\" required><\/div><div id=\"wpforms-245-field_8-container\" class=\"wpforms-field wpforms-field-text\" data-field-id=\"8\"><label class=\"wpforms-field-label\" for=\"wpforms-245-field_8\">T\u00e9l\u00e9phone <span class=\"wpforms-required-label\">*<\/span><\/label><input type=\"text\" id=\"wpforms-245-field_8\" class=\"wpforms-field-medium wpforms-field-required\" name=\"wpforms[fields][8]\" required><\/div><div id=\"wpforms-245-field_5-container\" class=\"wpforms-field wpforms-field-gdpr-checkbox\" data-field-id=\"5\"><label class=\"wpforms-field-label\">Accord RGPD <span class=\"wpforms-required-label\">*<\/span><\/label><ul id=\"wpforms-245-field_5\" class=\"wpforms-field-required\"><li class=\"choice-1\"><input type=\"checkbox\" id=\"wpforms-245-field_5_1\" name=\"wpforms[fields][5][]\" value=\"Je consens \u00e0 ce que ce site stocke mes informations envoy\u00e9es afin qu\u2019ils puissent r\u00e9pondre \u00e0 ma requ\u00eate.\" required ><label class=\"wpforms-field-label-inline\" for=\"wpforms-245-field_5_1\">Je consens \u00e0 ce que ce site stocke mes informations envoy\u00e9es afin qu\u2019ils puissent r\u00e9pondre \u00e0 ma requ\u00eate.<\/label><\/li><\/ul><\/div><\/div><!-- .wpforms-field-container --><div class=\"wpforms-recaptcha-container wpforms-is-hcaptcha\" ><div class=\"h-captcha\" data-sitekey=\"58ba6069-a0a9-4ce5-9117-a15b16fe4e05\"><\/div><input type=\"text\" name=\"g-recaptcha-hidden\" class=\"wpforms-recaptcha-hidden\" style=\"position:absolute!important;clip:rect(0,0,0,0)!important;height:1px!important;width:1px!important;border:0!important;overflow:hidden!important;padding:0!important;margin:0!important;\" data-rule-hcaptcha=\"1\"><\/div><div class=\"wpforms-submit-container\" ><input type=\"hidden\" name=\"wpforms[id]\" value=\"245\"><input type=\"hidden\" name=\"page_title\" value=\"\"><input type=\"hidden\" name=\"page_url\" value=\"https:\/\/europeanhandcourse.com\/index.php\/wp-json\/wp\/v2\/pages\/104\"><input type=\"hidden\" name=\"url_referer\" value=\"\"><button type=\"submit\" name=\"wpforms[submit]\" id=\"wpforms-submit-245\" class=\"wpforms-submit\" data-alt-text=\"Envoie en cours...\" data-submit-text=\"Envoyer\" aria-live=\"assertive\" value=\"wpforms-submit\">Envoyer<\/button><img loading=\"lazy\" decoding=\"async\" src=\"https:\/\/europeanhandcourse.com\/wp-content\/plugins\/wpforms-lite\/assets\/images\/submit-spin.svg\" class=\"wpforms-submit-spinner\" style=\"display: none;\" width=\"26\" height=\"26\" alt=\"Loading\"><\/div><\/form><\/div>  <!-- .wpforms-container -->\n\n\n<div class=\"wp-block-cover alignfull\" style=\"min-height:423px;aspect-ratio:unset;\"><span aria-hidden=\"true\" class=\"wp-block-cover__background has-neve-link-color-background-color has-background-dim-100 has-background-dim\"><\/span><div class=\"wp-block-cover__inner-container is-layout-flow wp-block-cover-is-layout-flow\">\n<div class=\"wp-block-group\"><div class=\"wp-block-group__inner-container is-layout-flow wp-block-group-is-layout-flow\">\n<div class=\"wp-block-columns is-layout-flex wp-container-core-columns-is-layout-9d6595d7 wp-block-columns-is-layout-flex\">\n<div class=\"wp-block-column is-vertically-aligned-center is-layout-flow wp-block-column-is-layout-flow\" style=\"flex-basis:50%\">\n<p class=\"has-text-align-right has-medium-font-size\">Vous serez prochainement contact\u00e9 par notre secr\u00e9taire<\/p>\n<\/div>\n\n\n\n<div class=\"wp-block-column is-layout-flow wp-block-column-is-layout-flow\" style=\"flex-basis:50%\">\n<div class=\"wp-block-columns is-layout-flex wp-container-core-columns-is-layout-9d6595d7 wp-block-columns-is-layout-flex\">\n<div class=\"wp-block-column is-layout-flow wp-block-column-is-layout-flow\" style=\"flex-basis:100%\">\n<div class=\"wp-block-columns is-layout-flex wp-container-core-columns-is-layout-9d6595d7 wp-block-columns-is-layout-flex\">\n<div class=\"wp-block-column is-vertically-aligned-center is-layout-flow wp-block-column-is-layout-flow\" style=\"flex-basis:100%\"><div class=\"wp-block-image is-style-rounded\">\n<figure class=\"alignleft size-full is-resized\"><img loading=\"lazy\" decoding=\"async\" src=\"http:\/\/europeanhandcourse.com\/wp-content\/uploads\/2021\/10\/Photo_JChort.png\" alt=\"\" class=\"wp-image-133\" width=\"200\" height=\"200\"\/><figcaption class=\"wp-element-caption\">Mme Juliette CHORT<\/figcaption><\/figure>\n<\/div><\/div>\n<\/div>\n<\/div>\n<\/div>\n<\/div>\n<\/div>\n<\/div><\/div>\n<\/div><\/div>\n\n\n\n<div style=\"height:100px\" aria-hidden=\"true\" class=\"wp-block-spacer\"><\/div>\n\n\n<div class=\"is-default-size aligncenter wp-block-site-logo\"><a href=\"https:\/\/europeanhandcourse.com\/\" class=\"custom-logo-link\" rel=\"home\"><img loading=\"lazy\" decoding=\"async\" width=\"1024\" height=\"1024\" src=\"https:\/\/europeanhandcourse.com\/wp-content\/uploads\/2021\/09\/Logo-EHC.png\" class=\"custom-logo\" alt=\"European Hand Course\" srcset=\"https:\/\/europeanhandcourse.com\/wp-content\/uploads\/2021\/09\/Logo-EHC.png 1024w, https:\/\/europeanhandcourse.com\/wp-content\/uploads\/2021\/09\/Logo-EHC-300x300.png 300w, https:\/\/europeanhandcourse.com\/wp-content\/uploads\/2021\/09\/Logo-EHC-150x150.png 150w, https:\/\/europeanhandcourse.com\/wp-content\/uploads\/2021\/09\/Logo-EHC-768x768.png 768w\" sizes=\"auto, (max-width: 1024px) 100vw, 1024px\" \/><\/a><\/div>\n\n\n<div style=\"height:100px\" aria-hidden=\"true\" class=\"wp-block-spacer\"><\/div>\n","protected":false},"excerpt":{"rendered":"<p>Demande d&#8217;inscription en ligne L&#8217;inscription au prochain cours pratique de chirurgie de la main du Luxembourg est ouverte \u00e0 l&#8217;ensemble des internes, assistants, chefs de clinique et praticiens en chirurgie orthop\u00e9dique ou plastique. Si vous souhaitez participer, veuillez compl\u00e9ter le formulaire ci-dessous. Le nombre de places \u00e9tant limit\u00e9, les inscriptions sont prises en compte dans&hellip;&nbsp;<a href=\"https:\/\/europeanhandcourse.com\/index.php\/inscription\/\" rel=\"bookmark\">Read More &raquo;<span class=\"screen-reader-text\">Inscription<\/span><\/a><\/p>\n","protected":false},"author":1,"featured_media":0,"parent":0,"menu_order":0,"comment_status":"closed","ping_status":"closed","template":"","meta":{"neve_meta_sidebar":"","neve_meta_container":"","neve_meta_enable_content_width":"on","neve_meta_content_width":100,"neve_meta_title_alignment":"","neve_meta_author_avatar":"","neve_post_elements_order":"","neve_meta_disable_header":"","neve_meta_disable_footer":"","neve_meta_disable_title":"on","footnotes":""},"class_list":["post-104","page","type-page","status-publish","hentry"],"yoast_head":"<!-- This site is optimized with the Yoast SEO plugin v27.4 - https:\/\/yoast.com\/product\/yoast-seo-wordpress\/ -->\n<title>Inscription - European Hand Course<\/title>\n<meta name=\"robots\" content=\"index, follow, max-snippet:-1, max-image-preview:large, max-video-preview:-1\" \/>\n<link rel=\"canonical\" href=\"https:\/\/europeanhandcourse.com\/index.php\/inscription\/\" \/>\n<meta property=\"og:locale\" content=\"en_US\" \/>\n<meta property=\"og:type\" content=\"article\" \/>\n<meta property=\"og:title\" content=\"Inscription - European Hand Course\" \/>\n<meta property=\"og:description\" content=\"Demande d&#8217;inscription en ligne L&#8217;inscription au prochain cours pratique de chirurgie de la main du Luxembourg est ouverte \u00e0 l&#8217;ensemble des internes, assistants, chefs de clinique et praticiens en chirurgie orthop\u00e9dique ou plastique. Si vous souhaitez participer, veuillez compl\u00e9ter le formulaire ci-dessous. Le nombre de places \u00e9tant limit\u00e9, les inscriptions sont prises en compte dans&hellip;&nbsp;Read More &raquo;Inscription\" \/>\n<meta property=\"og:url\" content=\"https:\/\/europeanhandcourse.com\/index.php\/inscription\/\" \/>\n<meta property=\"og:site_name\" content=\"European Hand Course\" \/>\n<meta property=\"article:modified_time\" content=\"2025-06-22T14:13:41+00:00\" \/>\n<meta property=\"og:image\" content=\"http:\/\/europeanhandcourse.com\/wp-content\/uploads\/2021\/10\/Photo_JChort.png\" \/>\n<meta name=\"twitter:card\" content=\"summary_large_image\" \/>\n<meta name=\"twitter:label1\" content=\"Est. reading time\" \/>\n\t<meta name=\"twitter:data1\" content=\"1 minute\" \/>\n<script type=\"application\/ld+json\" class=\"yoast-schema-graph\">{\"@context\":\"https:\\\/\\\/schema.org\",\"@graph\":[{\"@type\":\"WebPage\",\"@id\":\"https:\\\/\\\/europeanhandcourse.com\\\/index.php\\\/inscription\\\/\",\"url\":\"https:\\\/\\\/europeanhandcourse.com\\\/index.php\\\/inscription\\\/\",\"name\":\"Inscription - European Hand Course\",\"isPartOf\":{\"@id\":\"https:\\\/\\\/europeanhandcourse.com\\\/#website\"},\"primaryImageOfPage\":{\"@id\":\"https:\\\/\\\/europeanhandcourse.com\\\/index.php\\\/inscription\\\/#primaryimage\"},\"image\":{\"@id\":\"https:\\\/\\\/europeanhandcourse.com\\\/index.php\\\/inscription\\\/#primaryimage\"},\"thumbnailUrl\":\"http:\\\/\\\/europeanhandcourse.com\\\/wp-content\\\/uploads\\\/2021\\\/10\\\/Photo_JChort.png\",\"datePublished\":\"2021-10-10T19:56:29+00:00\",\"dateModified\":\"2025-06-22T14:13:41+00:00\",\"breadcrumb\":{\"@id\":\"https:\\\/\\\/europeanhandcourse.com\\\/index.php\\\/inscription\\\/#breadcrumb\"},\"inLanguage\":\"en-US\",\"potentialAction\":[{\"@type\":\"ReadAction\",\"target\":[\"https:\\\/\\\/europeanhandcourse.com\\\/index.php\\\/inscription\\\/\"]}]},{\"@type\":\"ImageObject\",\"inLanguage\":\"en-US\",\"@id\":\"https:\\\/\\\/europeanhandcourse.com\\\/index.php\\\/inscription\\\/#primaryimage\",\"url\":\"https:\\\/\\\/europeanhandcourse.com\\\/wp-content\\\/uploads\\\/2021\\\/10\\\/Photo_JChort.png\",\"contentUrl\":\"https:\\\/\\\/europeanhandcourse.com\\\/wp-content\\\/uploads\\\/2021\\\/10\\\/Photo_JChort.png\",\"width\":200,\"height\":200},{\"@type\":\"BreadcrumbList\",\"@id\":\"https:\\\/\\\/europeanhandcourse.com\\\/index.php\\\/inscription\\\/#breadcrumb\",\"itemListElement\":[{\"@type\":\"ListItem\",\"position\":1,\"name\":\"Accueil\",\"item\":\"https:\\\/\\\/europeanhandcourse.com\\\/\"},{\"@type\":\"ListItem\",\"position\":2,\"name\":\"Inscription\"}]},{\"@type\":\"WebSite\",\"@id\":\"https:\\\/\\\/europeanhandcourse.com\\\/#website\",\"url\":\"https:\\\/\\\/europeanhandcourse.com\\\/\",\"name\":\"European Hand Course\",\"description\":\"Cours pratique de chirurgie de la main du Luxembourg\",\"publisher\":{\"@id\":\"https:\\\/\\\/europeanhandcourse.com\\\/#organization\"},\"potentialAction\":[{\"@type\":\"SearchAction\",\"target\":{\"@type\":\"EntryPoint\",\"urlTemplate\":\"https:\\\/\\\/europeanhandcourse.com\\\/?s={search_term_string}\"},\"query-input\":{\"@type\":\"PropertyValueSpecification\",\"valueRequired\":true,\"valueName\":\"search_term_string\"}}],\"inLanguage\":\"en-US\"},{\"@type\":\"Organization\",\"@id\":\"https:\\\/\\\/europeanhandcourse.com\\\/#organization\",\"name\":\"European Hand Course\",\"url\":\"https:\\\/\\\/europeanhandcourse.com\\\/\",\"logo\":{\"@type\":\"ImageObject\",\"inLanguage\":\"en-US\",\"@id\":\"https:\\\/\\\/europeanhandcourse.com\\\/#\\\/schema\\\/logo\\\/image\\\/\",\"url\":\"https:\\\/\\\/europeanhandcourse.com\\\/wp-content\\\/uploads\\\/2021\\\/09\\\/Logo-EHC.png\",\"contentUrl\":\"https:\\\/\\\/europeanhandcourse.com\\\/wp-content\\\/uploads\\\/2021\\\/09\\\/Logo-EHC.png\",\"width\":1024,\"height\":1024,\"caption\":\"European Hand Course\"},\"image\":{\"@id\":\"https:\\\/\\\/europeanhandcourse.com\\\/#\\\/schema\\\/logo\\\/image\\\/\"}}]}<\/script>\n<!-- \/ Yoast SEO plugin. -->","yoast_head_json":{"title":"Inscription - European Hand Course","robots":{"index":"index","follow":"follow","max-snippet":"max-snippet:-1","max-image-preview":"max-image-preview:large","max-video-preview":"max-video-preview:-1"},"canonical":"https:\/\/europeanhandcourse.com\/index.php\/inscription\/","og_locale":"en_US","og_type":"article","og_title":"Inscription - European Hand Course","og_description":"Demande d&#8217;inscription en ligne L&#8217;inscription au prochain cours pratique de chirurgie de la main du Luxembourg est ouverte \u00e0 l&#8217;ensemble des internes, assistants, chefs de clinique et praticiens en chirurgie orthop\u00e9dique ou plastique. Si vous souhaitez participer, veuillez compl\u00e9ter le formulaire ci-dessous. Le nombre de places \u00e9tant limit\u00e9, les inscriptions sont prises en compte dans&hellip;&nbsp;Read More &raquo;Inscription","og_url":"https:\/\/europeanhandcourse.com\/index.php\/inscription\/","og_site_name":"European Hand Course","article_modified_time":"2025-06-22T14:13:41+00:00","og_image":[{"url":"http:\/\/europeanhandcourse.com\/wp-content\/uploads\/2021\/10\/Photo_JChort.png","type":"","width":"","height":""}],"twitter_card":"summary_large_image","twitter_misc":{"Est. reading time":"1 minute"},"schema":{"@context":"https:\/\/schema.org","@graph":[{"@type":"WebPage","@id":"https:\/\/europeanhandcourse.com\/index.php\/inscription\/","url":"https:\/\/europeanhandcourse.com\/index.php\/inscription\/","name":"Inscription - European Hand Course","isPartOf":{"@id":"https:\/\/europeanhandcourse.com\/#website"},"primaryImageOfPage":{"@id":"https:\/\/europeanhandcourse.com\/index.php\/inscription\/#primaryimage"},"image":{"@id":"https:\/\/europeanhandcourse.com\/index.php\/inscription\/#primaryimage"},"thumbnailUrl":"http:\/\/europeanhandcourse.com\/wp-content\/uploads\/2021\/10\/Photo_JChort.png","datePublished":"2021-10-10T19:56:29+00:00","dateModified":"2025-06-22T14:13:41+00:00","breadcrumb":{"@id":"https:\/\/europeanhandcourse.com\/index.php\/inscription\/#breadcrumb"},"inLanguage":"en-US","potentialAction":[{"@type":"ReadAction","target":["https:\/\/europeanhandcourse.com\/index.php\/inscription\/"]}]},{"@type":"ImageObject","inLanguage":"en-US","@id":"https:\/\/europeanhandcourse.com\/index.php\/inscription\/#primaryimage","url":"https:\/\/europeanhandcourse.com\/wp-content\/uploads\/2021\/10\/Photo_JChort.png","contentUrl":"https:\/\/europeanhandcourse.com\/wp-content\/uploads\/2021\/10\/Photo_JChort.png","width":200,"height":200},{"@type":"BreadcrumbList","@id":"https:\/\/europeanhandcourse.com\/index.php\/inscription\/#breadcrumb","itemListElement":[{"@type":"ListItem","position":1,"name":"Accueil","item":"https:\/\/europeanhandcourse.com\/"},{"@type":"ListItem","position":2,"name":"Inscription"}]},{"@type":"WebSite","@id":"https:\/\/europeanhandcourse.com\/#website","url":"https:\/\/europeanhandcourse.com\/","name":"European Hand Course","description":"Cours pratique de chirurgie de la main du Luxembourg","publisher":{"@id":"https:\/\/europeanhandcourse.com\/#organization"},"potentialAction":[{"@type":"SearchAction","target":{"@type":"EntryPoint","urlTemplate":"https:\/\/europeanhandcourse.com\/?s={search_term_string}"},"query-input":{"@type":"PropertyValueSpecification","valueRequired":true,"valueName":"search_term_string"}}],"inLanguage":"en-US"},{"@type":"Organization","@id":"https:\/\/europeanhandcourse.com\/#organization","name":"European Hand Course","url":"https:\/\/europeanhandcourse.com\/","logo":{"@type":"ImageObject","inLanguage":"en-US","@id":"https:\/\/europeanhandcourse.com\/#\/schema\/logo\/image\/","url":"https:\/\/europeanhandcourse.com\/wp-content\/uploads\/2021\/09\/Logo-EHC.png","contentUrl":"https:\/\/europeanhandcourse.com\/wp-content\/uploads\/2021\/09\/Logo-EHC.png","width":1024,"height":1024,"caption":"European Hand Course"},"image":{"@id":"https:\/\/europeanhandcourse.com\/#\/schema\/logo\/image\/"}}]}},"_links":{"self":[{"href":"https:\/\/europeanhandcourse.com\/index.php\/wp-json\/wp\/v2\/pages\/104","targetHints":{"allow":["GET"]}}],"collection":[{"href":"https:\/\/europeanhandcourse.com\/index.php\/wp-json\/wp\/v2\/pages"}],"about":[{"href":"https:\/\/europeanhandcourse.com\/index.php\/wp-json\/wp\/v2\/types\/page"}],"author":[{"embeddable":true,"href":"https:\/\/europeanhandcourse.com\/index.php\/wp-json\/wp\/v2\/users\/1"}],"replies":[{"embeddable":true,"href":"https:\/\/europeanhandcourse.com\/index.php\/wp-json\/wp\/v2\/comments?post=104"}],"version-history":[{"count":24,"href":"https:\/\/europeanhandcourse.com\/index.php\/wp-json\/wp\/v2\/pages\/104\/revisions"}],"predecessor-version":[{"id":850,"href":"https:\/\/europeanhandcourse.com\/index.php\/wp-json\/wp\/v2\/pages\/104\/revisions\/850"}],"wp:attachment":[{"href":"https:\/\/europeanhandcourse.com\/index.php\/wp-json\/wp\/v2\/media?parent=104"}],"curies":[{"name":"wp","href":"https:\/\/api.w.org\/{rel}","templated":true}]}}